
2, 23
Let u = 6984 + 6560. What are the prime factors of u?
2, 1693
Suppose -2*n - 5*u = -n + 21, 5*u + 25 = 0. Suppose 3*x - 48 = n*i, 4*i = -4*x + 2*x + 12. Suppose x*b + 600 = 20*b. What are the prime factors of b?
3, 5
Let g be -6*(-4 + (-35)/(-15)). Suppose -4*d - 54 = -6. Let b = g - d. List the prime factors of b.
2, 11
What are the prime factors of -5 - (-8791)/9 - 42/(-189)?
2, 3
Suppose 5*w - 5 = 55. Suppose 14*h + 4 = w*h. List the prime factors of 2*h/(-14) - (-1842)/21.
2, 11
Let z(u) = u**3 + 43*u**2 - 593*u + 214. List the prime factors of z(-49).
3, 5, 991
What are the prime factors of ((-3060)/(-51))/((-2)/(-4))?
2, 3, 5
Let z(j) = 3*j**2 - 3*j - 6. Let b be z(2). Suppose -5*k - u + 1501 = b, 0*k + k - 2*u = 298. List the prime factors of k.
2, 3, 5
Suppose -2*g = q - 78, 0 = -3*g - 12*q + 8*q + 127. Suppose -34060 = -g*y - 1833. List the prime factors of y.
13, 67
Let p = 118 + -170. Let i be (-64)/6 - (-7)/(-21). Let r = i - p. List the prime factors of r.
41
What are the prime factors of 15083 + 0 - (-60 - -63)?
2, 5, 13, 29
Let a(g) = g**3 + 10*g**2 - 5. Let b(n) = 2*n**2 - 2*n + 5. Let s be b(-4). Let k = 36 - s. List the prime factors of a(k).
2, 19
Let m = 54339 - 31038. What are the prime factors of m?
3, 863
Suppose -3*w - 3*k + 87387 = 0, 6 = -3*k + 15. What are the prime factors of w?
2, 14563
Suppose -p + 3*q = -4534, 0 = p - 2*q + 7*q - 4518. Suppose 8*o - p = 1152. Suppose 2*y + 964 = 4*f - y, -3*f + o = y. What are the prime factors of f?
2, 7, 17
Let z be (5/(-10) + 1)/(1/1208). Let a = -447 + z. List the prime factors of a.
157
Let s(h) = -68 - 38 - 13*h - 39. List the prime factors of s(-22).
3, 47
Let w be (12/60 - (-129)/5)*12. Let d = -48 + w. List the prime factors of d.
2, 3, 11
Let q(m) = m**2 + m. Let b(y) = -45*y**2 + 3*y + 16. Let n(v) = -b(v) - 4*q(v). What are the prime factors of n(-4)?
2, 167
Suppose 0 = -33*w + 36*w. Suppose w = -2*x + 6, c = -3*x + 951 - 81. List the prime factors of c.
3, 7, 41
What are the prime factors of 10686 + 4 - (111/370)/(1/10)?
10687
Let s(q) = -88 - 44*q + 30*q + 51*q - 87 + 27. List the prime factors of s(9).
5, 37
Let n(p) be the third derivative of p**7/60 + p**6/360 + 9*p**5/20 - 11*p**2. Let k(a) be the third derivative of n(a). What are the prime factors of k(3)?
2, 127
Suppose -4*w + w + 21 = 0. Let v be w*(-2 + 30/14)*48. Let m = 201 + v. What are the prime factors of m?
3, 83
Let d be 2/6 + 1632/(-36). What are the prime factors of (-4)/(-10) + 204*(-78)/d?
2, 3, 59
Let z be 1/((4 + 0)/(-12)). List the prime factors of 399 + -3 + 9/z.
3, 131
Suppose 5*o = 14*o - 90. Let z(q) = 29*q - 94. List the prime factors of z(o).
2, 7
Suppose 0 = 5*w + 3*q + 372, -4*q - 221 = -w + 4*w. Let z = -52 - w. Suppose -z*s + 77 = -22*s. What are the prime factors of s?
7, 11
Let r(g) = -4*g - 13. Let u be r(-5). Suppose -n - u = 1. Let c(w) = -2*w**2 - 18*w - 5. What are the prime factors of c(n)?
11
Let q = 42959 + -29513. List the prime factors of q.
2, 3, 83
What are the prime factors of 2*-3*(-3666964)/1059?
2, 7, 53
Suppose 16*o + 48*o - 634592 = 8*o. What are the prime factors of o?
2, 2833
Let m(a) = -36*a + 1840. What are the prime factors of m(43)?
2, 73
Suppose 0 = 3*t + t + 4*s + 4, -4*t = -5*s - 32. Suppose -5*h - 2393 = -4*f - 165, 4*h - 1702 = -t*f. List the prime factors of f.
2, 281
Let y(i) = 32*i - 43. Let j be y(8). Let b = j - 66. What are the prime factors of b?
3, 7
Suppose -2*k - 178 = -0*k. Suppose -8*b + 7*b = 33. Let y = b - k. What are the prime factors of y?
2, 7
What are the prime factors of (-1 + -2)/(-14 - 7009097/(-500656))?
2, 13, 83
Suppose 0*b - 3*b + 132 = 0. Let d be (-10)/(-5) + (1 + -2)*-12. Let h = d + b. What are the prime factors of h?
2, 29
Suppose -5*k = -16*i + 20*i - 21652, -2*i + 6 = 0. List the prime factors of k.
2, 541
Let b(l) = 271*l**2 - 159*l - 117. List the prime factors of b(10).
67, 379
Let u(q) = 299*q**3 - 20*q**2 - 29*q + 78. List the prime factors of u(3).
2, 3, 73
Suppose 4*x - 2*a = 121578, 470*x - 474*x + 121566 = 2*a. What are the prime factors of x?
3, 11, 307
Suppose 4*y = 16*x - 14*x - 16, -4*y + 5*x = 4. What are the prime factors of ((-4)/8)/((y - -10)/(-3240))?
3, 5
Let a(i) = 10*i + 276. Let b be a(42). Let k = b - 533. List the prime factors of k.
163
Let k be 2/11 + (-378)/(-99). Suppose -4*v + 153 = 5*z - 329, 0 = k*z - v - 373. Let a = z + -12. List the prime factors of a.
2, 41
Suppose -22*z + 29905 + 6505 = 0. Suppose -z = -3*y + 1102. List the prime factors of y.
919
Let h(i) = 10*i**2 - 4*i - 6. Let s be h(-3). Suppose -5*k - y = -176, -7*k - 3*y + s = -4*k. What are the prime factors of (k/(-4))/(-3) - -29?
2
Let y = 27427 + -10288. List the prime factors of y.
3, 29, 197
Suppose -5*n = -3*h - 47850, -h - 9568 = n - 2*n. What are the prime factors of n?
3, 3191
Suppose -18 = 2*a + 30. Let v = a + 26. Suppose -2*j + 4 = 5*w - v*w, -w + 2*j = -4. What are the prime factors of w?
2
Suppose -4*t = -5*p + 42, 5*p - 24 = -9*t + 7*t. What are the prime factors of p/(-12) + (-3758)/(-4)?
3, 313
Let c(v) = 4*v + 9. Let t be c(-5). Let k be ((-46)/1)/(t - -13). Let m = k - -58. List the prime factors of m.
5, 7
Let u = 16 + -14. Suppose u*w + 2 = 0, -4*q - 4*w - w = -271. Let p = 140 - q. List the prime factors of p.
71
Suppose 42*p - 48*p + 3402 = 0. Suppose 1231*y = 1238*y - p. What are the prime factors of y?
3
Let v(s) = -15*s - 371. Let p be v(-25). Suppose p*y - 3*w - 5540 = 0, 0 = -5*w - 16 - 4. List the prime factors of y.
2, 691
Suppose -2*g + 15595 = -5*f - 108692, -186408 = -3*g + 3*f. What are the prime factors of g?
62131
Let p(z) = -1955*z - 326. What are the prime factors of p(-3)?
29, 191
Suppose 19*r = -219 - 237. Suppose 88 = -3*w + 5*w. Let v = w + r. What are the prime factors of v?
2, 5
Let f = 244 + -240. Suppose 0 = -f*w + 3*w + r + 175, 0 = 4*w - 2*r - 704. What are the prime factors of w?
3, 59
Let w(i) = 7*i + 19. Let z be w(-9). Let m be (z/6)/(-1 - (-12)/9). Let h = 93 - m. List the prime factors of h.
5, 23
Suppose 11*a - m = 14*a - 26259, -2*m + 17518 = 2*a. What are the prime factors of a?
2, 5, 7
Let l(u) = -1060*u + 1895. List the prime factors of l(-5).
5, 1439
Let q be -1*300/(-8)*(5 + 5). Let o = q - -164. What are the prime factors of o?
7, 11
Let j = 402 - -1796. List the prime factors of j.
2, 7, 157
Suppose -7*g + 5*g + 3*s = -4152, g - 2066 = 4*s. Suppose 2*a - 1304 = 2*w, g = 4*a - 5*w - 530. What are the prime factors of a?
2, 3
List the prime factors of ((-6)/14)/(-1) - 85416/(-28).
3, 113
Let o(k) = 2*k**3 + 21*k**2 - 10*k + 2. Let n be o(-11). List the prime factors of 5 + ((-144)/1)/n.
3, 7
Let u(z) = -8*z**3 + z**2 - 17*z + 6. Let y(i) = 7*i**3 - i**2 + 16*i - 6. Let v(b) = 6*u(b) + 7*y(b). List the prime factors of v(7).
2, 179
Suppose -5*x - 367829 = 5992*z - 5996*z, 3*x = z - 91945. What are the prime factors of z?
2, 7, 6569
Suppose 0 = 4*b - 4*z - 69700, z = -4*b + b + 52291. What are the prime factors of b?
29, 601
Let z be (2 + -14)*(-2 - 5920/15). Suppose 21*k - 7*k - z = 0. List the prime factors of k.
2, 5, 17
Suppose -110*q + 5*q - 45*q + 3436500 = 0. What are the prime factors of q?
2, 5, 29, 79
Suppose 4*u + 3*p - 1767 = 0, 0 = 5*p + 60 - 45. Let n = 821 - u. What are the prime factors of n?
13, 29
Let k(l) = 62*l**2 + 3*l + 16. Let c = -395 - -392. What are the prime factors of k(c)?
5, 113
Let k(u) be the third derivative of u**6/120 + u**5/60 + u**4/24 - u**3/6 + 3*u**2. Let y be k(1). Suppose 4*b - y*b - 12 = 0. What are the prime factors of b?
2, 3
Let i(l) = l**3 - 6*l**2 - 13*l - 1. Let z be i(12). Let r = z - 272. List the prime factors of r.
3, 5, 29
Suppose -110*n + 112*n - 2804 = 0. Let i = n - 903. What are the prime factors of i?
499
Let k be (-2)/2 - (-8 + 18). Let c(q) = -q**3 - 12*q**2 - 12*q - 3. Let n be c(k). Suppose 3*u = 4*o + 2*u - 246, -4*u = n. List the prime factors of o.
61
Suppose 2*r = 5*s + 7759, 3725 = 3*r + s - 7854. List the prime factors of r.
2, 1931
Let x(r) = 267*r + 564. What are the prime factors of x(29)?
3, 13, 71
Let q(b) = -292*b + 1. Let z = -31 - -30. Let t be q(z). Suppose -t = -4*m + 19. What are the prime factors of m?
2, 3, 13
Let z(c) = 155*c + 94. List the prime factors of z(26).
2, 1031
What